10 (base 2) to base 6
34
What is 6059 (base 10) in base 3?
22022102
What is 1053 (base 8) in base 10?
555
What is -22030320 (base 4) in base 5?
-2314114
2bf9 (base 16) to base 8
25771
What is 11011101 (base 2) in base 7?
434
Convert -1443 (base 6) to base 7.
-1062
-186 (base 15) to base 12
-253
Convert 882 (base 12) to base 6.
5442
Convert -12233002 (base 4) to base 3.
-1101211201
Convert -3201 (base 5) to base 3.
-120210
Convert 8eb (base 15) to base 7.
5615
What is -311103 (base 5) in base 2?
-10011110101001
What is -57a2 (base 15) in base 11?
-12a81
Convert 199d (base 16) to base 15.
1e22
What is -1113 (base 8) in base 4?
-21023
What is -5011 (base 9) in base 14?
-1491
484 (base 16) to base 7
3241
Convert 1503 (base 7) to base 12.
413
Convert 1230 (base 9) to base 12.
646
Convert 1705 (base 9) to base 14.
68d
-3031 (base 4) to base 7
-412
What is 1201211 (base 3) in base 8?
2360
What is 101c (base 14) in base 16?
ad2
Convert 2143b (base 13) to base 7.
340026
4026 (base 8) to base 7
6015
-3c0 (base 15) to base 10
-855
Convert -604 (base 7) to base 4.
-10222
20332 (base 4) to base 2
1000111110
121500 (base 7) to base 11
1574a
Convert -8b9 (base 15) to base 11.
-1535
Convert -100100000100 (base 2) to base 7.
-6505
What is 208a (base 15) in base 14?
2716
575 (base 14) to base 2
10000111011
-487 (base 9) to base 15
-1bd
-32242 (base 8) to base 3
-200111001
What is b31b (base 12) in base 10?
19463
Convert -10403011 (base 5) to base 13.
-32566
-36 (base 13) to base 11
-41
What is 5205 (base 6) in base 11?
962
2655 (base 13) to base 12
3206
What is 333000 (base 4) in base 9?
5470
3834 (base 15) to base 13
55b1
What is -50a (base 13) in base 10?
-855
Convert -164405 (base 8) to base 10.
-59653
What is 8b48 (base 16) in base 6?
433024
161 (base 14) to base 11
236
Convert 6692 (base 12) to base 7.
45032
5777 (base 8) to base 10
3071
What is 304 (base 13) in base 7?
1330
Convert d0a (base 15) to base 10.
2935
100211 (base 4) to base 11
885
What is -262 (base 7) in base 15?
-97
What is -9301 (base 13) in base 6?
-233521
What is -2c38 (base 15) in base 16?
-251f
Convert 161 (base 9) to base 3.
12001
What is -607 (base 14) in base 13?
-700
308 (base 13) to base 15
245
What is -124 (base 7) in base 8?
-103
1010222 (base 3) to base 11
6a0
233420 (base 6) to base 7
113010
9590 (base 14) to base 12
12b22
What is 382 (base 11) in base 13?
28b
What is -420221 (base 6) in base 10?
-33781
Convert 2001311 (base 4) to base 13.
3a22
167 (base 10) to base 4
2213
What is -10010011001000001 (base 2) in base 14?
-1d649
869 (base 15) to base 12
1123
Convert 275 (base 14) to base 13.
2c1
Convert -672 (base 8) to base 11.
-372
-31070 (base 8) to base 3
-122122011
What is 805 (base 9) in base 15?
2d8
Convert 1002002202 (base 3) to base 9.
32082
Convert 1797 (base 12) to base 11.
2162
Convert -31310 (base 5) to base 8.
-4040
What is -10011101100 (base 2) in base 5?
-20020
Convert 1420 (base 11) to base 3.
2112001
-2510 (base 7) to base 11
-783
What is 100110010100001 (base 2) in base 8?
46241
What is 4322 (base 5) in base 10?
587
What is -367 (base 8) in base 9?
-304
Convert 61335 (base 7) to base 8.
35112
What is 508 (base 14) in base 6?
4324
177 (base 15) to base 14
1a1
-3516 (base 9) to base 8
-5057
Convert -231010 (base 4) to base 16.
-b44
What is -7472 (base 8) in base 10?
-3898
1113120 (base 4) to base 2
1010111011000
What is 22314 (base 5) in base 2?
11000110000
Convert -100002100 (base 3) to base 12.
-3a00
What is 4731 (base 9) in base 14?
13cb
Convert 6513 (base 10) to base 2.
1100101110001
Convert -5307 (base 8) to base 14.
-1011
What is 3cb (base 13) in base 7?
1652
111010000101000 (base 2) to base 10
29736
Convert -11343 (base 6) to base 5.
-23042
2092 (base 10) to base 4
200230
-ab (base 14) to base 8
-227
-1001010101110001 (base 2) to base 5
-2211012
-1751 (base 9) to base 7
-3625
-14012 (base 11) to base 10
-19978
9f (base 16) to base 15
a9
95f9 (base 16) to base 10
38393
What is -14787 (base 11) in base 7?
-114645
-2231 (base 6) to base 11
-436
What is -4024 (base 8) in base 13?
-c31
What is -3012 (base 7) in base 10?
-1038
What is -11210 (base 4) in base 9?
-435
What is -49086 (base 10) in base 6?
-1015130
What is 179a (base 15) in base 3?
20222201
What is 179e (base 15) in base 10?
5099
Convert 311 (base 7) to base 4.
2123
Convert -1016 (base 7) to base 10.
-356
What is -2423 (base 6) in base 8?
-1117
-1141 (base 8) to base 11
-504
-104043 (base 5) to base 7
-13431
-220101 (base 3) to base 15
-2dd
What is 21010112 (base 3) in base 2?
1010001001110
-7629 (base 10) to base 7
-31146
Convert -1532 (base 7) to base 3.
-211122
What is -3067 (base 9) in base 4?
-203020
What is -1210201 (base 3) in base 8?
-2443
Convert 21a (base 12) to base 11.
262
What is -689 (base 11) in base 2?
-1100110111
-3796 (base 11) to base 2
-1001101010001
Convert -1012203 (base 4) to base 12.
-2743
-1207 (base 10) to base 12
-847
Convert -1260c (base 13) to base 14.
-c553
-202 (base 14) to base 6
-1454
What is 3002 (base 12) in base 15?
180b
Convert -155 (base 11) to base 7.
-346
What is -54834 (base 9) in base 14?
-d3a0
What is -a85 (base 12) in base 4?
-120011
What is 2145 (base 7) in base 14?
3cc
What is 11113 (base 4) in base 14?
1a7
What is -a65 (base 13) in base 9?
-2380
What is 101100110100 (base 2) in base 14?
108c
Convert -107 (base 14) to base 16.
-cb
-7545 (base 8) to base 13
-1a42
What is 2147 (base 16) in base 10?
8519
What is 1199 (base 10) in base 15?
54e
-1c66a (base 13) to base 2
-1101101011011011
What is 401213 (base 6) in base 13?
113a6
Convert -6456 (base 9) to base 15.
-1619
Convert -23011 (base 4) to base 13.
-427
-3136 (base 12) to base 3
-21100220
Convert -100110010011 (base 2) to base 6.
-15203
15 (base 9) to base 8
16
What is -15500 (base 6) in base 10?
-2556
Convert 112013 (base 6) to base 4.
2110221
-1173 (base 9) to base 14
-468
What is -221545 (base 6) in base 7?
-105065
Convert 111110010 (base 2) to base 12.
356
15384 (base 11) to base 8
52367
2463 (base 9) to base 7
5235
-280 (base 11) to base 14
-198
-113 (base 16) to base 6
-1135
Convert 4656 (base 7) to base 12.
ba3
Convert 645 (base 12) to base 6.
4125
3030 (base 6) to base 2
1010011010
3a0 (base 11) to base 15
218
What is -11101010011111 (base 2) in base 7?
-61516
-23665 (base 10) to base 9
-35414
300524 (base 7) to base 9
76465
What is -1b2c (base 14) in base 12?
-2a38
What is -10101000111 (base 2) in base 15?
-601
Convert 3134 (base 7) to base 6.
5035
What is -83ba (base 13) in base 6?
-220232
What is -121110001 (base 3) in base 12?
-6b31
What is -152 (base 11) in base 8?
-262
113320 (base 4) to base 10
1528
-221 (base 7) to base 5
-423
Convert -10001110111 (base 2) to base 16.
-477
What is 13333110 (base 4) in base 2?
111111111010100
What is -21120 (base 3) in base 9?
-246
What is 538a (base 14) in base 9?
21713
Convert 964 (base 11) to base 3.
1120221
Convert -1756 (base 8) to base 15.
-471
-550 (base 13) to base 2
-1110001110
What is 211002 (base 3) in base 2?
1001010100
1100101010000000 (base 2) to base 5
3124330
Convert 10013 (base 11) to base 14.
54ab
Convert -6373 (base 8) to base 12.
-1b0b
What is 8 (base 13) in base 16?
8
-11426 (base 12) to base 8
-55036
What is 1211 (base 11) in base 13?
94c
Convert 1562 (base 12) to base 9.
3412
212 (base 5) to base 16
39
-235 (base 7) to base 9
-147
Convert a4e (base 15) to base 4.
210110
What is -1499 (base 11) in base 16?
-783
110001000 (base 2) to base 6
1452
Convert -1011210 (base 3) to base 11.
-710
-1001001011 (base 2) to base 14
-2dd
What is 6305 (base 10) in base 5?
200210
What is -283 (base 11) in base 16?
-14d
Convert -11 (base 3) to base 2.
-100
-150b (base 12) to base 6
-15215
a06 (base 14) to base 9
2624
What is -3709 (base 13) in base 8?
-17147
What is -101011111 (base 2) in base 8?
-537
795 (base 12) to base 5
13441
Convert 397 (base 15) to base 13.
4ab
204 (base 8) to base 5
1012
Convert -1111 (base 7) to base 5.
-3100
Convert 3321202 (base 4) to base 14.
5b6a
What is -220201 (base 3) in base 5?
-10132
3762 (base 11) to base 15
16c3
What is -224302 (base 5) in base 13?
-38a4
What is -215 (base 9) in base 8?
-260
Convert 5363 (base 14) to base 15.
43ea
Convert -2692 (base 14) to base 7.
-25542
What is 3a209 (base 11) in base 13?
20